{"id":760,"date":"2021-11-14T21:06:13","date_gmt":"2021-11-14T20:06:13","guid":{"rendered":"http:\/\/dealaurencia.cz\/pets\/?page_id=760"},"modified":"2025-03-04T18:18:36","modified_gmt":"2025-03-04T17:18:36","slug":"vrh-c-2021","status":"publish","type":"page","link":"https:\/\/dealaurencia.cz\/pets\/stenata\/vrh-c-2021\/","title":{"rendered":"Vrh C (2021)"},"content":{"rendered":"<div class=\"entry\">\n<h2>Vrh C (2021)<\/h2>\n<p>\u0160t\u011b\u0148ata narozena 24. 10. 2021 &#8211; dv\u011b fenky, \u010dty\u0159i pejsci, barva fawn<\/p>\n<p>V\u0161echna \u0161t\u011b\u0148\u00e1tka ji\u017e maj\u00ed sv\u00e9 nov\u00e9 majitele.<\/p>\n<p><img fetchpriority=\"high\" decoding=\"async\" src=\"http:\/\/dealaurencia.cz\/pets\/wp-content\/uploads\/2021\/11\/Cisco_SvetleModry.webp\" sizes=\"(max-width: 1024px) 100vw, 1024px\" srcset=\"http:\/\/dealaurencia.cz\/pets\/wp-content\/uploads\/2021\/11\/Cisco_SvetleModry.webp 1024w, http:\/\/dealaurencia.cz\/pets\/wp-content\/uploads\/2021\/11\/Cisco_SvetleModry-300x200.png 300w, http:\/\/dealaurencia.cz\/pets\/wp-content\/uploads\/2021\/11\/Cisco_SvetleModry-768x512.png 768w\" alt=\"\" width=\"1024\" height=\"683\" \/><\/p>\n<h2>Cisco Sky Dea Laurencia<\/h2>\n<p>Pohlav\u00ed: pes<br \/>\nZadan\u00fd: Ano<\/p>\n<p><img decoding=\"async\" src=\"http:\/\/dealaurencia.cz\/pets\/wp-content\/uploads\/2021\/11\/Citrix_Zeleny.webp\" sizes=\"(max-width: 1024px) 100vw, 1024px\" srcset=\"http:\/\/dealaurencia.cz\/pets\/wp-content\/uploads\/2021\/11\/Citrix_Zeleny.webp 1024w, http:\/\/dealaurencia.cz\/pets\/wp-content\/uploads\/2021\/11\/Citrix_Zeleny-300x200.png 300w, http:\/\/dealaurencia.cz\/pets\/wp-content\/uploads\/2021\/11\/Citrix_Zeleny-768x512.png 768w\" alt=\"\" width=\"1024\" height=\"683\" \/><\/p>\n<h2>Citrix Forest Dea Laurencia<\/h2>\n<p style=\"text-align: right;\">Pohlav\u00ed: pes<br \/>\nZadan\u00fd: Ano<\/p>\n<p><img decoding=\"async\" src=\"http:\/\/dealaurencia.cz\/pets\/wp-content\/uploads\/2021\/11\/Computer_Zluty.webp\" sizes=\"(max-width: 1024px) 100vw, 1024px\" srcset=\"http:\/\/dealaurencia.cz\/pets\/wp-content\/uploads\/2021\/11\/Computer_Zluty.webp 1024w, http:\/\/dealaurencia.cz\/pets\/wp-content\/uploads\/2021\/11\/Computer_Zluty-300x200.webp 300w, http:\/\/dealaurencia.cz\/pets\/wp-content\/uploads\/2021\/11\/Computer_Zluty-768x512.webp 768w\" alt=\"\" width=\"1024\" height=\"683\" \/><\/p>\n<h2>Computer Sun Dea Laurencia<\/h2>\n<p>Pohlav\u00ed: pes<br \/>\nZadan\u00fd: Ano<\/p>\n<p><img loading=\"lazy\" decoding=\"async\" src=\"http:\/\/dealaurencia.cz\/pets\/wp-content\/uploads\/2021\/11\/Clear_Ruzova.webp\" sizes=\"(max-width: 1024px) 100vw, 1024px\" srcset=\"http:\/\/dealaurencia.cz\/pets\/wp-content\/uploads\/2021\/11\/Clear_Ruzova.webp 1024w, http:\/\/dealaurencia.cz\/pets\/wp-content\/uploads\/2021\/11\/Clear_Ruzova-300x200.webp 300w, http:\/\/dealaurencia.cz\/pets\/wp-content\/uploads\/2021\/11\/Clear_Ruzova-768x512.png 768w\" alt=\"\" width=\"1024\" height=\"683\" \/><\/p>\n<h2>Clair Rose Dea Laurencia<\/h2>\n<p style=\"text-align: right;\">Pohlav\u00ed: fenka<br \/>\nZadan\u00e1: Ano<\/p>\n<p><img loading=\"lazy\" decoding=\"async\" src=\"http:\/\/dealaurencia.cz\/pets\/wp-content\/uploads\/2021\/11\/Cinderella_Fialova.webp\" sizes=\"(max-width: 1024px) 100vw, 1024px\" srcset=\"http:\/\/dealaurencia.cz\/pets\/wp-content\/uploads\/2021\/11\/Cinderella_Fialova.webp 1024w, http:\/\/dealaurencia.cz\/pets\/wp-content\/uploads\/2021\/11\/Cinderella_Fialova-300x200.webp 300w, http:\/\/dealaurencia.cz\/pets\/wp-content\/uploads\/2021\/11\/Cinderella_Fialova-768x512.png 768w\" alt=\"\" width=\"1024\" height=\"683\" \/><\/p>\n<h2>Cinderella Iris Dea Laurencia<\/h2>\n<p>Pohlav\u00ed: fenka<br \/>\nZadan\u00e1: Ano<\/p>\n<p><img loading=\"lazy\" decoding=\"async\" src=\"http:\/\/dealaurencia.cz\/pets\/wp-content\/uploads\/2021\/11\/Colombo_Modry.webp\" sizes=\"(max-width: 1024px) 100vw, 1024px\" srcset=\"http:\/\/dealaurencia.cz\/pets\/wp-content\/uploads\/2021\/11\/Colombo_Modry.webp 1024w, http:\/\/dealaurencia.cz\/pets\/wp-content\/uploads\/2021\/11\/Colombo_Modry-300x200.webp 300w, http:\/\/dealaurencia.cz\/pets\/wp-content\/uploads\/2021\/11\/Colombo_Modry-768x512.png 768w\" alt=\"\" width=\"1024\" height=\"683\" \/><\/p>\n<h2>Colombo Indigo Dea Laurencia<\/h2>\n<p style=\"text-align: right;\">Pohlav\u00ed: pes<br \/>\nZadan\u00fd: Ano<\/p>\n<h2>Rodi\u010de<\/h2>\n<p><img loading=\"lazy\" decoding=\"async\" src=\"http:\/\/dealaurencia.cz\/pets\/wp-content\/uploads\/2021\/11\/Papousek.webp\" sizes=\"(max-width: 291px) 100vw, 291px\" srcset=\"http:\/\/dealaurencia.cz\/pets\/wp-content\/uploads\/2021\/11\/Papousek.webp 291w, http:\/\/dealaurencia.cz\/pets\/wp-content\/uploads\/2021\/11\/Papousek-255x300.webp 255w\" alt=\"\" width=\"291\" height=\"342\" \/><\/p>\n<h2>LORD TANUS Teschiro<\/h2>\n<p style=\"text-align: center;\">Pudl, st\u0159edn\u00ed aprikot<\/p>\n<p style=\"text-align: center;\">narozen: 19.11.2016<\/p>\n<p style=\"text-align: center;\">bonitace: CHOVN\u00dd<br \/>\nv\u00fd\u0161ka: 40 cm<br \/>\nLP: 0\/0<br \/>\nDKK: C<br \/>\nDLK: 0\/0<br \/>\nPRA &#8211; DOV: \u010dist\u00e9 11\/2018 &#8211; 11\/2019<br \/>\nPrcd-PRA: genotyp N\/N (A)<\/p>\n<p>Von Willebrandova nemoc, typ I (vWD I): N\/N (Normal\/Clear)<br \/>\nVy\u0161et\u0159en\u00ed Degenerativn\u00ed Myelopatie: N\/N (Normal\/Clear)<br \/>\nVy\u0161et\u0159en\u00ed chondrodysplazie: N\/N (Normal\/Clear)<\/p>\n<p style=\"text-align: center;\">\n<p style=\"text-align: center;\">BISS#4, 2x BOB, CACIB, 2x R.CACIB, 2x BOJ,<br \/>\nV\u00edt\u011bz speci\u00e1ln\u00ed klubov\u00e9 v\u00fdstavy, 3.Nejlep\u0161\u00ed kontinent\u00e1ln\u00ed st\u0159ih<br \/>\n5x CAC CZ, CAC SLO, 2x CAC HR<br \/>\nKCH, \u010cK\u0160, CHKCH<br \/>\n2x JCAC RO<br \/>\n3x velmi nad\u011bjn\u00fd 1, Nejlep\u0161\u00ed dorost pes<\/p>\n<p style=\"text-align: center;\">RODI\u010cE<\/p>\n<p style=\"text-align: center;\">OTEC:<br \/>\nMoonlight Shadow Von Der Hundisburg<\/p>\n<p style=\"text-align: center;\">MATKA:<br \/>\nBigemina&#8217;s Niki Pohjoinen T\u00e4hti<\/p>\n<p style=\"text-align: center;\">\n<p><img loading=\"lazy\" decoding=\"async\" src=\"http:\/\/dealaurencia.cz\/pets\/wp-content\/uploads\/2021\/11\/Alenka.webp\" sizes=\"(max-width: 720px) 100vw, 720px\" srcset=\"http:\/\/dealaurencia.cz\/pets\/wp-content\/uploads\/2021\/11\/Alenka.webp 720w, http:\/\/dealaurencia.cz\/pets\/wp-content\/uploads\/2021\/11\/Alenka-300x200.webp 300w\" alt=\"\" width=\"720\" height=\"480\" \/><\/p>\n<h2>Alya Elen Dea Laurencia<\/h2>\n<p style=\"text-align: center;\">Pudl, st\u0159edn\u00ed aprikot<\/p>\n<p style=\"text-align: center;\">narozena: 12.6.2018<\/p>\n<p style=\"text-align: center;\">bonitace: CHOVN\u00c1<br \/>\nv\u00fd\u0161ka: 40 cm<br \/>\nLP: 0\/0<\/p>\n<p>PRA &#8211; DOV: prost\u00e1 7\/2020 &#8211; 7\/2021<br \/>\nprcd-PRA: genotyp N\/N (A)<\/p>\n<p>Von Willebrandova nemoc, typ I (vWD I): N\/N (Normal\/Clear)<br \/>\nVy\u0161et\u0159en\u00ed Degenerativn\u00ed Myelopatie: N\/DM (exon 2)<br \/>\nVy\u0161et\u0159en\u00ed Neonatal Encephalopathy: N\/N (Normal\/Clear)<\/p>\n<p style=\"text-align: center;\">\n<p style=\"text-align: center;\">canisterapeutick\u00fd pes FN Motol<br \/>\n\u010cesk\u00e1 Junior\u0161ampionka<br \/>\nCAJC<br \/>\nBest of Junior<br \/>\nBOS<\/p>\n<h5 style=\"text-align: center;\">RODI\u010cE<\/h5>\n<p>OTEC:Bay Rock X Ambassadors Leonardo\u00a0MATKA:Aglaia Sofia Paganiniho symfonie<\/p>\n<\/div>\n","protected":false},"excerpt":{"rendered":"<p>Vrh C (2021) \u0160t\u011b\u0148ata narozena 24. 10. 2021 &#8211; dv\u011b fenky, \u010dty\u0159i pejsci, barva fawn V\u0161echna \u0161t\u011b\u0148\u00e1tka ji\u017e maj\u00ed sv\u00e9 nov\u00e9 majitele. Cisco Sky Dea Laurencia Pohlav\u00ed: pes Zadan\u00fd: Ano Citrix Forest Dea Laurencia Pohlav\u00ed: pes Zadan\u00fd: Ano Computer Sun Dea Laurencia Pohlav\u00ed: pes Zadan\u00fd: Ano Clair Rose Dea Laurencia Pohlav\u00ed: fenka Zadan\u00e1: Ano Cinderella &#8230;<\/p>\n","protected":false},"author":1,"featured_media":0,"parent":55,"menu_order":4,"comment_status":"closed","ping_status":"closed","template":"elementor_header_footer","meta":{"jetpack_post_was_ever_published":false,"footnotes":""},"class_list":["post-760","page","type-page","status-publish"],"jetpack_sharing_enabled":true,"jetpack_shortlink":"https:\/\/wp.me\/P9XuRR-cg","_links":{"self":[{"href":"https:\/\/dealaurencia.cz\/pets\/wp-json\/wp\/v2\/pages\/760","targetHints":{"allow":["GET"]}}],"collection":[{"href":"https:\/\/dealaurencia.cz\/pets\/wp-json\/wp\/v2\/pages"}],"about":[{"href":"https:\/\/dealaurencia.cz\/pets\/wp-json\/wp\/v2\/types\/page"}],"author":[{"embeddable":true,"href":"https:\/\/dealaurencia.cz\/pets\/wp-json\/wp\/v2\/users\/1"}],"replies":[{"embeddable":true,"href":"https:\/\/dealaurencia.cz\/pets\/wp-json\/wp\/v2\/comments?post=760"}],"version-history":[{"count":40,"href":"https:\/\/dealaurencia.cz\/pets\/wp-json\/wp\/v2\/pages\/760\/revisions"}],"predecessor-version":[{"id":875,"href":"https:\/\/dealaurencia.cz\/pets\/wp-json\/wp\/v2\/pages\/760\/revisions\/875"}],"up":[{"embeddable":true,"href":"https:\/\/dealaurencia.cz\/pets\/wp-json\/wp\/v2\/pages\/55"}],"wp:attachment":[{"href":"https:\/\/dealaurencia.cz\/pets\/wp-json\/wp\/v2\/media?parent=760"}],"curies":[{"name":"wp","href":"https:\/\/api.w.org\/{rel}","templated":true}]}}