{"id":64,"date":"2018-06-09T22:03:30","date_gmt":"2018-06-09T22:03:30","guid":{"rendered":"http:\/\/dealaurencia.cz\/pets\/?page_id=64"},"modified":"2025-03-26T18:06:56","modified_gmt":"2025-03-26T17:06:56","slug":"agility","status":"publish","type":"page","link":"https:\/\/dealaurencia.cz\/pets\/agility\/","title":{"rendered":"Agility"},"content":{"rendered":"\t\t<div data-elementor-type=\"wp-post\" data-elementor-id=\"64\" class=\"elementor elementor-64\" data-elementor-post-type=\"page\">\n\t\t\t\t<div class=\"elementor-element elementor-element-7e4eeab e-flex e-con-boxed e-con e-parent\" data-id=\"7e4eeab\" data-element_type=\"container\">\n\t\t\t\t\t<div class=\"e-con-inner\">\n\t\t\t\t<div class=\"elementor-element elementor-element-6231721 elementor-widget elementor-widget-heading\" data-id=\"6231721\" data-element_type=\"widget\" data-widget_type=\"heading.default\">\n\t\t\t\t\t<h1 class=\"elementor-heading-title elementor-size-default\">Agility<\/h1>\t\t\t\t<\/div>\n\t\t\t\t<div class=\"elementor-element elementor-element-90c830b elementor-widget elementor-widget-text-editor\" data-id=\"90c830b\" data-element_type=\"widget\" data-widget_type=\"text-editor.default\">\n\t\t\t\t\t\t\t\t\t<p>Agility je sport pro psy, kter\u00fd p\u0159ipom\u00edn\u00e1 ko\u0148sk\u00fd parkur. C\u00edlem je p\u0159ekonat p\u0159edem danou dr\u00e1hu co nejrychleji. Pro n\u00e1s je to p\u0159edev\u0161\u00edm z\u00e1bava a zp\u016fsob, jak tr\u00e1vit spole\u010dn\u00fd \u010das.<\/p><p>\u2022 <strong>Sofi<\/strong> se agility v\u011bnovala t\u0159i roky. Bavilo ji to, ale nebyla zap\u00e1len\u00fd nad\u0161enec.<br \/>\u2022 <strong>Cip\u00edsek<\/strong> je velmi temperamentn\u00ed a pln\u00fd energie, ale p\u0159i z\u00e1vodech se nech\u00e1val rozptylovat \u2013 olizoval div\u00e1ky, zdravil se s kolemjdouc\u00edmi nebo zkoumal, co nab\u00edzej\u00ed st\u00e1nky s ob\u010derstven\u00edm.<br \/>\u2022 <strong>Alenka<\/strong> b\u011bhala s radost\u00ed, ale moment\u00e1ln\u011b za na\u0161i sme\u010dku reprezentuje Beru\u0161ka, kter\u00e1 se agility v\u011bnuje rekrea\u010dn\u011b.<\/p>\t\t\t\t\t\t\t\t<\/div>\n\t\t\t\t<div class=\"elementor-element elementor-element-6edbcb3 elementor-widget elementor-widget-spacer\" data-id=\"6edbcb3\" data-element_type=\"widget\" data-widget_type=\"spacer.default\">\n\t\t\t\t\t\t\t<div class=\"elementor-spacer\">\n\t\t\t<div class=\"elementor-spacer-inner\"><\/div>\n\t\t<\/div>\n\t\t\t\t\t\t<\/div>\n\t\t\t\t\t<\/div>\n\t\t\t\t<\/div>\n\t\t<div class=\"elementor-element elementor-element-0eeb9ae e-flex e-con-boxed e-con e-parent\" data-id=\"0eeb9ae\" data-element_type=\"container\">\n\t\t\t\t\t<div class=\"e-con-inner\">\n\t\t\t\t<div class=\"elementor-element elementor-element-679089a elementor-widget elementor-widget-gallery\" data-id=\"679089a\" data-element_type=\"widget\" data-settings=\"{&quot;gallery_layout&quot;:&quot;justified&quot;,&quot;gap&quot;:{&quot;unit&quot;:&quot;px&quot;,&quot;size&quot;:15,&quot;sizes&quot;:[]},&quot;lazyload&quot;:&quot;yes&quot;,&quot;ideal_row_height&quot;:{&quot;unit&quot;:&quot;px&quot;,&quot;size&quot;:200,&quot;sizes&quot;:[]},&quot;ideal_row_height_tablet&quot;:{&quot;unit&quot;:&quot;px&quot;,&quot;size&quot;:150,&quot;sizes&quot;:[]},&quot;ideal_row_height_mobile&quot;:{&quot;unit&quot;:&quot;px&quot;,&quot;size&quot;:150,&quot;sizes&quot;:[]},&quot;gap_tablet&quot;:{&quot;unit&quot;:&quot;px&quot;,&quot;size&quot;:10,&quot;sizes&quot;:[]},&quot;gap_mobile&quot;:{&quot;unit&quot;:&quot;px&quot;,&quot;size&quot;:10,&quot;sizes&quot;:[]},&quot;link_to&quot;:&quot;file&quot;,&quot;overlay_background&quot;:&quot;yes&quot;,&quot;content_hover_animation&quot;:&quot;fade-in&quot;}\" data-widget_type=\"gallery.default\">\n\t\t\t\t\t\t\t<div class=\"elementor-gallery__container\">\n\t\t\t\t\t\t\t<a class=\"e-gallery-item elementor-gallery-item elementor-animated-content\" href=\"https:\/\/dealaurencia.cz\/pets\/wp-content\/uploads\/2018\/07\/DSC_0481.jpg\" data-elementor-open-lightbox=\"yes\" data-elementor-lightbox-slideshow=\"679089a\" data-elementor-lightbox-title=\"DSC_0481\" data-e-action-hash=\"#elementor-action%3Aaction%3Dlightbox%26settings%3DeyJpZCI6MjUyLCJ1cmwiOiJodHRwczpcL1wvZGVhbGF1cmVuY2lhLmN6XC9wZXRzXC93cC1jb250ZW50XC91cGxvYWRzXC8yMDE4XC8wN1wvRFNDXzA0ODEuanBnIiwic2xpZGVzaG93IjoiNjc5MDg5YSJ9\">\n\t\t\t\t\t<div class=\"e-gallery-image elementor-gallery-item__image\" data-thumbnail=\"https:\/\/dealaurencia.cz\/pets\/wp-content\/uploads\/2018\/07\/DSC_0481-300x199.jpg\" data-width=\"300\" data-height=\"199\" aria-label=\"\" role=\"img\" ><\/div>\n\t\t\t\t\t\t\t\t\t\t\t<div class=\"elementor-gallery-item__overlay\"><\/div>\n\t\t\t\t\t\t\t\t\t\t\t\t\t\t<\/a>\n\t\t\t\t\t\t\t<a class=\"e-gallery-item elementor-gallery-item elementor-animated-content\" href=\"https:\/\/dealaurencia.cz\/pets\/wp-content\/uploads\/2018\/07\/DSC_0457.jpg\" data-elementor-open-lightbox=\"yes\" data-elementor-lightbox-slideshow=\"679089a\" data-elementor-lightbox-title=\"DSC_0457\" data-e-action-hash=\"#elementor-action%3Aaction%3Dlightbox%26settings%3DeyJpZCI6MjUxLCJ1cmwiOiJodHRwczpcL1wvZGVhbGF1cmVuY2lhLmN6XC9wZXRzXC93cC1jb250ZW50XC91cGxvYWRzXC8yMDE4XC8wN1wvRFNDXzA0NTcuanBnIiwic2xpZGVzaG93IjoiNjc5MDg5YSJ9\">\n\t\t\t\t\t<div class=\"e-gallery-image elementor-gallery-item__image\" data-thumbnail=\"https:\/\/dealaurencia.cz\/pets\/wp-content\/uploads\/2018\/07\/DSC_0457-300x199.jpg\" data-width=\"300\" data-height=\"199\" aria-label=\"\" role=\"img\" ><\/div>\n\t\t\t\t\t\t\t\t\t\t\t<div class=\"elementor-gallery-item__overlay\"><\/div>\n\t\t\t\t\t\t\t\t\t\t\t\t\t\t<\/a>\n\t\t\t\t\t\t\t<a class=\"e-gallery-item elementor-gallery-item elementor-animated-content\" href=\"https:\/\/dealaurencia.cz\/pets\/wp-content\/uploads\/2018\/07\/DSC_0453.jpg\" data-elementor-open-lightbox=\"yes\" data-elementor-lightbox-slideshow=\"679089a\" data-elementor-lightbox-title=\"DSC_0453\" data-e-action-hash=\"#elementor-action%3Aaction%3Dlightbox%26settings%3DeyJpZCI6MjQ5LCJ1cmwiOiJodHRwczpcL1wvZGVhbGF1cmVuY2lhLmN6XC9wZXRzXC93cC1jb250ZW50XC91cGxvYWRzXC8yMDE4XC8wN1wvRFNDXzA0NTMuanBnIiwic2xpZGVzaG93IjoiNjc5MDg5YSJ9\">\n\t\t\t\t\t<div class=\"e-gallery-image elementor-gallery-item__image\" data-thumbnail=\"https:\/\/dealaurencia.cz\/pets\/wp-content\/uploads\/2018\/07\/DSC_0453-300x199.jpg\" data-width=\"300\" data-height=\"199\" aria-label=\"\" role=\"img\" ><\/div>\n\t\t\t\t\t\t\t\t\t\t\t<div class=\"elementor-gallery-item__overlay\"><\/div>\n\t\t\t\t\t\t\t\t\t\t\t\t\t\t<\/a>\n\t\t\t\t\t\t\t<a class=\"e-gallery-item elementor-gallery-item elementor-animated-content\" href=\"https:\/\/dealaurencia.cz\/pets\/wp-content\/uploads\/2018\/07\/DSC_0452.jpg\" data-elementor-open-lightbox=\"yes\" data-elementor-lightbox-slideshow=\"679089a\" data-elementor-lightbox-title=\"DSC_0452\" data-e-action-hash=\"#elementor-action%3Aaction%3Dlightbox%26settings%3DeyJpZCI6MjQ4LCJ1cmwiOiJodHRwczpcL1wvZGVhbGF1cmVuY2lhLmN6XC9wZXRzXC93cC1jb250ZW50XC91cGxvYWRzXC8yMDE4XC8wN1wvRFNDXzA0NTIuanBnIiwic2xpZGVzaG93IjoiNjc5MDg5YSJ9\">\n\t\t\t\t\t<div class=\"e-gallery-image elementor-gallery-item__image\" data-thumbnail=\"https:\/\/dealaurencia.cz\/pets\/wp-content\/uploads\/2018\/07\/DSC_0452-300x199.jpg\" data-width=\"300\" data-height=\"199\" aria-label=\"\" role=\"img\" ><\/div>\n\t\t\t\t\t\t\t\t\t\t\t<div class=\"elementor-gallery-item__overlay\"><\/div>\n\t\t\t\t\t\t\t\t\t\t\t\t\t\t<\/a>\n\t\t\t\t\t\t\t<a class=\"e-gallery-item elementor-gallery-item elementor-animated-content\" href=\"https:\/\/dealaurencia.cz\/pets\/wp-content\/uploads\/2018\/07\/DSC_0450.jpg\" data-elementor-open-lightbox=\"yes\" data-elementor-lightbox-slideshow=\"679089a\" data-elementor-lightbox-title=\"DSC_0450\" data-e-action-hash=\"#elementor-action%3Aaction%3Dlightbox%26settings%3DeyJpZCI6MjQ3LCJ1cmwiOiJodHRwczpcL1wvZGVhbGF1cmVuY2lhLmN6XC9wZXRzXC93cC1jb250ZW50XC91cGxvYWRzXC8yMDE4XC8wN1wvRFNDXzA0NTAuanBnIiwic2xpZGVzaG93IjoiNjc5MDg5YSJ9\">\n\t\t\t\t\t<div class=\"e-gallery-image elementor-gallery-item__image\" data-thumbnail=\"https:\/\/dealaurencia.cz\/pets\/wp-content\/uploads\/2018\/07\/DSC_0450-300x199.jpg\" data-width=\"300\" data-height=\"199\" aria-label=\"\" role=\"img\" ><\/div>\n\t\t\t\t\t\t\t\t\t\t\t<div class=\"elementor-gallery-item__overlay\"><\/div>\n\t\t\t\t\t\t\t\t\t\t\t\t\t\t<\/a>\n\t\t\t\t\t\t\t<a class=\"e-gallery-item elementor-gallery-item elementor-animated-content\" href=\"https:\/\/dealaurencia.cz\/pets\/wp-content\/uploads\/2018\/07\/DSC_0444-e1532362974524.jpg\" data-elementor-open-lightbox=\"yes\" data-elementor-lightbox-slideshow=\"679089a\" data-elementor-lightbox-title=\"DSC_0444\" data-e-action-hash=\"#elementor-action%3Aaction%3Dlightbox%26settings%3DeyJpZCI6MjQ2LCJ1cmwiOiJodHRwczpcL1wvZGVhbGF1cmVuY2lhLmN6XC9wZXRzXC93cC1jb250ZW50XC91cGxvYWRzXC8yMDE4XC8wN1wvRFNDXzA0NDQtZTE1MzIzNjI5NzQ1MjQuanBnIiwic2xpZGVzaG93IjoiNjc5MDg5YSJ9\">\n\t\t\t\t\t<div class=\"e-gallery-image elementor-gallery-item__image\" data-thumbnail=\"https:\/\/dealaurencia.cz\/pets\/wp-content\/uploads\/2018\/07\/DSC_0444-e1532362974524-199x300.jpg\" data-width=\"199\" data-height=\"300\" aria-label=\"\" role=\"img\" ><\/div>\n\t\t\t\t\t\t\t\t\t\t\t<div class=\"elementor-gallery-item__overlay\"><\/div>\n\t\t\t\t\t\t\t\t\t\t\t\t\t\t<\/a>\n\t\t\t\t\t\t\t<a class=\"e-gallery-item elementor-gallery-item elementor-animated-content\" href=\"https:\/\/dealaurencia.cz\/pets\/wp-content\/uploads\/2018\/07\/DSC_0438.jpg\" data-elementor-open-lightbox=\"yes\" data-elementor-lightbox-slideshow=\"679089a\" data-elementor-lightbox-title=\"DSC_0438\" data-e-action-hash=\"#elementor-action%3Aaction%3Dlightbox%26settings%3DeyJpZCI6MjQ1LCJ1cmwiOiJodHRwczpcL1wvZGVhbGF1cmVuY2lhLmN6XC9wZXRzXC93cC1jb250ZW50XC91cGxvYWRzXC8yMDE4XC8wN1wvRFNDXzA0MzguanBnIiwic2xpZGVzaG93IjoiNjc5MDg5YSJ9\">\n\t\t\t\t\t<div class=\"e-gallery-image elementor-gallery-item__image\" data-thumbnail=\"https:\/\/dealaurencia.cz\/pets\/wp-content\/uploads\/2018\/07\/DSC_0438-300x199.jpg\" data-width=\"300\" data-height=\"199\" aria-label=\"\" role=\"img\" ><\/div>\n\t\t\t\t\t\t\t\t\t\t\t<div class=\"elementor-gallery-item__overlay\"><\/div>\n\t\t\t\t\t\t\t\t\t\t\t\t\t\t<\/a>\n\t\t\t\t\t<\/div>\n\t\t\t\t\t<\/div>\n\t\t\t\t\t<\/div>\n\t\t\t\t<\/div>\n\t\t\t\t<\/div>\n\t\t","protected":false},"excerpt":{"rendered":"<p>Agility Agility je sport pro psy, kter\u00fd p\u0159ipom\u00edn\u00e1 ko\u0148sk\u00fd parkur. C\u00edlem je p\u0159ekonat p\u0159edem danou dr\u00e1hu co nejrychleji. Pro n\u00e1s je to p\u0159edev\u0161\u00edm z\u00e1bava a zp\u016fsob, jak tr\u00e1vit spole\u010dn\u00fd \u010das. \u2022 Sofi se agility v\u011bnovala t\u0159i roky. Bavilo ji to, ale nebyla zap\u00e1len\u00fd nad\u0161enec.\u2022 Cip\u00edsek je velmi temperamentn\u00ed a pln\u00fd energie, ale p\u0159i z\u00e1vodech se &#8230;<\/p>\n","protected":false},"author":1,"featured_media":0,"parent":0,"menu_order":0,"comment_status":"closed","ping_status":"closed","template":"elementor_header_footer","meta":{"jetpack_post_was_ever_published":false,"footnotes":""},"class_list":["post-64","page","type-page","status-publish"],"jetpack_sharing_enabled":true,"jetpack_shortlink":"https:\/\/wp.me\/P9XuRR-12","_links":{"self":[{"href":"https:\/\/dealaurencia.cz\/pets\/wp-json\/wp\/v2\/pages\/64","targetHints":{"allow":["GET"]}}],"collection":[{"href":"https:\/\/dealaurencia.cz\/pets\/wp-json\/wp\/v2\/pages"}],"about":[{"href":"https:\/\/dealaurencia.cz\/pets\/wp-json\/wp\/v2\/types\/page"}],"author":[{"embeddable":true,"href":"https:\/\/dealaurencia.cz\/pets\/wp-json\/wp\/v2\/users\/1"}],"replies":[{"embeddable":true,"href":"https:\/\/dealaurencia.cz\/pets\/wp-json\/wp\/v2\/comments?post=64"}],"version-history":[{"count":17,"href":"https:\/\/dealaurencia.cz\/pets\/wp-json\/wp\/v2\/pages\/64\/revisions"}],"predecessor-version":[{"id":922,"href":"https:\/\/dealaurencia.cz\/pets\/wp-json\/wp\/v2\/pages\/64\/revisions\/922"}],"wp:attachment":[{"href":"https:\/\/dealaurencia.cz\/pets\/wp-json\/wp\/v2\/media?parent=64"}],"curies":[{"name":"wp","href":"https:\/\/api.w.org\/{rel}","templated":true}]}}