{"id":2,"date":"2018-05-28T02:26:22","date_gmt":"2018-05-28T02:26:22","guid":{"rendered":"http:\/\/dealaurencia.cz\/pets\/?page_id=2"},"modified":"2018-06-10T17:29:42","modified_gmt":"2018-06-10T17:29:42","slug":"about","status":"publish","type":"page","link":"https:\/\/dealaurencia.cz\/pets\/about\/","title":{"rendered":"O n\u00e1s"},"content":{"rendered":"<div class=\"entry\">\n<p>Jsme rodina miluj\u00edc\u00ed p\u0159\u00edrodu a cen\u00edme si ji po v\u0161ech str\u00e1nk\u00e1ch. A i kdy\u017e jsme lid\u00e9 z m\u011bsta, p\u0159ibli\u017eujeme se p\u0159\u00edrod\u011b s na\u0161imi t\u0159emi d\u011btmi co nejv\u00edce. To je tak\u00e9 d\u016fvod, pro\u010d chov\u00e1me zv\u00ed\u0159ata.<\/p>\n<h2>Moje cesta k pudl\u016fm<\/h2>\n<p>Odjak\u017eiva jsem milovala zv\u00ed\u0159ata. Proto jsem v\u00a0deseti letech dostala \u010dern\u00e9ho kocourka a ve \u010dtrn\u00e1cti letech prvn\u00edho psa \u2013 fenu n\u011bmeck\u00e9 dogy. Dal\u0161\u00edm psem byl anglick\u00fd mastif Karel, ke kter\u00e9mu p\u0159ibyl brzy kamar\u00e1d anglick\u00fd buldok Franti\u0161ek. Za\u010dala jsem chodit na cvi\u010d\u00e1k, kde jsem se sezn\u00e1mila s\u00a0majitelkou a pom\u00e1hala j\u00ed s\u00a0v\u00fdcvikem ps\u016f. M\u011bla jsem tedy tu \u010dest osobn\u011b pozn\u00e1vat dal\u0161\u00ed a dal\u0161\u00ed plemena.<\/p>\n<p>Mastif Karel s\u00a0n\u00e1mi \u017eil skoro dvan\u00e1ct let! Mastif je ale t\u011b\u017ek\u00e9 plemeno vy\u017eaduj\u00edc\u00ed n\u00e1ro\u010dnou zdravotn\u00ed p\u00e9\u010di, proto k\u00a0n\u011bmu p\u0159ib\u00fdvali ji\u017e men\u0161\u00ed plemena \u2013 buldok R\u00ed\u0161a, b\u00edgl Kry\u0161t\u016ffek, b\u00edgl Arno\u0161t a kokr\u0161pan\u011blka Eli\u0161ka. V\u00a0dob\u011b, kdy jsme m\u011bli ji\u017e jen Arno\u0161ta a Eli\u0161ku, se n\u00e1m narodily d\u011bti. Museli jsme p\u0159ehodnotit priority a tedy i zvolit jin\u00e9 plemeno vhodn\u011bj\u0161\u00ed pro aktu\u00e1ln\u00ed styl \u017eivota. B\u00edgl v\u011bd\u011bl, \u017ee od ko\u010d\u00e1ru neodejdu, a m\u011bl m\u011b \u201ena h\u00e1ku\u201c. I kdy\u017e byl neskute\u010dn\u011b trp\u011bliv\u00fd a hodn\u00fd k\u00a0d\u011btem a j\u00e1 se sna\u017eila b\u00fdt trp\u011bliv\u00e1 k\u00a0jeho ut\u00edk\u00e1n\u00ed, kraden\u00ed j\u00eddla a dal\u0161\u00edm vylomenin\u00e1m, mus\u00edm \u0159\u00edct, \u017ee 16 let \u017eivota s b\u00edglem mi sta\u010dilo na to, abych si \u0159ekla, \u017ee dal\u0161\u00ed plemeno bude jin\u00e9.<\/p>\n<p>V\u00fdb\u011br nebyl snadn\u00fd, l\u00edbilo se mi v\u00edc plemen a neust\u00e1le jsem srovn\u00e1vala plusy a m\u00ednusy ka\u017ed\u00e9ho.\u00a0 Zeptala jsem se na n\u00e1zor i na\u0161eho veterin\u00e1\u0159e, kter\u00fd m\u011b zn\u00e1 od m\u00e9ho prvn\u00edho psa. Ale jak\u00e9 bylo m\u00e9 p\u0159ekvapen\u00ed, kdy\u017e mi bez v\u00e1h\u00e1n\u00ed navrhl pudla.<\/p>\n<p>Pudla???? To mysl\u00ed v\u00e1\u017en\u011b? To naondulovan\u00e9 hloup\u00e9 p\u0159\u00ed\u0161ern\u011b vypadaj\u00edc\u00ed zv\u00ed\u0159e s\u00a0gumi\u010dkami? V\u017edy\u0165 to snad ani nen\u00ed mo\u017en\u00e9 pova\u017eovat za psa. Nicm\u00e9n\u011b mi to vrtalo hlavou, a tak jsem si o pudlech zjistila n\u011bco informac\u00ed, pak v\u00edc, v\u00edc a je\u0161t\u011b v\u00edc. N\u00e1sledn\u011b jsem se pudl\u016fm v\u00a0duchu omluvila, \u017ee teda hloup\u00ed ur\u010dit\u011b nejsou a za sv\u016fj vzhled nem\u016f\u017eou. Dob\u0159e, po\u0159\u00edd\u00edme si pudla, ale nebude nosit gumi\u010dky a bude ost\u0159\u00edhan\u00fd na kr\u00e1tko.<\/p>\n<p>Tak se stalo, \u017ee jsme si v\u00a0l\u00e9t\u011b 2014 p\u0159ivezli na\u0161i pudlici Sofi. Okam\u017eit\u011b zapadla do sme\u010dky i do rodiny a my propadli jej\u00edmu kouzlu. U\u017e ani nev\u00edm, jak se stalo, \u017ee nen\u00ed ost\u0159\u00edhan\u00e1 nakr\u00e1tko, nos\u00ed gumi\u010dky a p\u0159esto je samoz\u0159ejm\u011b nesm\u00edrn\u011b chytr\u00e1 a kr\u00e1sn\u00e1. Te\u010f se ji\u017e jen usm\u00edv\u00e1m, kdy\u017e vid\u00edm povyta\u017een\u00e1 obo\u010d\u00ed n\u011bkter\u00fdch lid\u00ed p\u0159i pohledu na ni, proto\u017ee v\u00edm, co v\u0161e se ukr\u00fdv\u00e1 pod vrstvou na\u010desan\u00fdch hebk\u00fdch chlup\u016f. Pudl\u016fm jsem propadla a pro n\u00e1s je to moment\u00e1ln\u011b to NEJ plemeno.<\/p>\n<\/div>\n","protected":false},"excerpt":{"rendered":"<p>Jsme rodina miluj\u00edc\u00ed p\u0159\u00edrodu a cen\u00edme si ji po v\u0161ech str\u00e1nk\u00e1ch. A i kdy\u017e jsme lid\u00e9 z m\u011bsta, p\u0159ibli\u017eujeme se p\u0159\u00edrod\u011b s na\u0161imi t\u0159emi d\u011btmi co nejv\u00edce. To je tak\u00e9 d\u016fvod, pro\u010d chov\u00e1me zv\u00ed\u0159ata. Moje cesta k pudl\u016fm Odjak\u017eiva jsem milovala zv\u00ed\u0159ata. Proto jsem v\u00a0deseti letech dostala \u010dern\u00e9ho kocourka a ve \u010dtrn\u00e1cti letech prvn\u00edho psa &#8230;<\/p>\n","protected":false},"author":1,"featured_media":0,"parent":0,"menu_order":0,"comment_status":"open","ping_status":"open","template":"","meta":{"jetpack_post_was_ever_published":false,"footnotes":""},"class_list":["post-2","page","type-page","status-publish"],"jetpack_sharing_enabled":true,"jetpack_shortlink":"https:\/\/wp.me\/P9XuRR-2","_links":{"self":[{"href":"https:\/\/dealaurencia.cz\/pets\/wp-json\/wp\/v2\/pages\/2","targetHints":{"allow":["GET"]}}],"collection":[{"href":"https:\/\/dealaurencia.cz\/pets\/wp-json\/wp\/v2\/pages"}],"about":[{"href":"https:\/\/dealaurencia.cz\/pets\/wp-json\/wp\/v2\/types\/page"}],"author":[{"embeddable":true,"href":"https:\/\/dealaurencia.cz\/pets\/wp-json\/wp\/v2\/users\/1"}],"replies":[{"embeddable":true,"href":"https:\/\/dealaurencia.cz\/pets\/wp-json\/wp\/v2\/comments?post=2"}],"version-history":[{"count":10,"href":"https:\/\/dealaurencia.cz\/pets\/wp-json\/wp\/v2\/pages\/2\/revisions"}],"predecessor-version":[{"id":111,"href":"https:\/\/dealaurencia.cz\/pets\/wp-json\/wp\/v2\/pages\/2\/revisions\/111"}],"wp:attachment":[{"href":"https:\/\/dealaurencia.cz\/pets\/wp-json\/wp\/v2\/media?parent=2"}],"curies":[{"name":"wp","href":"https:\/\/api.w.org\/{rel}","templated":true}]}}